factors of d?
2, 3, 5
Let p(k) = 2*k**2 + 8*k + 22. List the prime factors of p(5).
2, 7
Suppose -2*l + 3841 = 2*a - 847, -3*a - 11728 = -5*l. List the prime factors of l.
5, 7, 67
Suppose 6*y + 408 = 5088. List the prime factors of y.
2, 3, 5, 13
Suppose d + 32 = 3*l, d - 4*d + 21 = 4*l. Suppose 0 = -l*x - 2*x + 748. List the prime factors of x.
2, 17
Suppose 3*z + 4*z = 1274. Suppose -4*k + z + 242 = 0. List the prime factors of k.
2, 53
Let t = 7450 + -4424. What are the prime factors of t?
2, 17, 89
Let q be (-2)/(-10) - 8*(-3)/5. Suppose 0 = 2*o + 3*k - 245, -125 = q*o - 6*o + k. What are the prime factors of o?
2, 31
Suppose 0*p - 3*o - 342 = 2*p, -p - 178 = 5*o. Let s = 254 + p. List the prime factors of s.
2, 43
Let m(b) = 25*b + 69. List the prime factors of m(10).
11, 29
Let z(o) = -o**3 - 5*o**2 - 6*o + 10. Let p = 82 - 90. List the prime factors of z(p).
2, 5
Let t(o) = -123*o**3 + 2*o**2 + 5*o + 5. What are the prime factors of t(-2)?
3, 7, 47
What are the prime factors of (2 - (-658)/3)/(10/15)?
2, 83
Let l(g) = 5*g + 5*g - 12 + g**2 - 2*g**2. Let t be (-4 - -3) + 9 + 4 + -4. List the prime factors of l(t).
2
Let x = -140 - -52. Let a = x - -132. List the prime factors of a.
2, 11
Let q = -36 + 25. Let z(p) = -p**2 - 21*p + 26. List the prime factors of z(q).
2, 17
Let f(q) = -q**3 + 6*q**2 - 7*q + 8. Suppose 0 = v - 2 - 3. Let s be f(v). What are the prime factors of 3/s + 106/4?
5
Let x = 244 - 244. Let m(q) be the first derivative of -q**2 + 9*q - 1. List the prime factors of m(x).
3
Let z be -1 + 0 - (3 + (-1 - 23)). Let t = 39 - z. What are the prime factors of t?
19
Let j(n) = -9*n + 1. Let x be j(-1). Let i(g) = g**2 - g. Let m be i(0). Suppose x*p - 6*p - 80 = m. What are the prime factors of p?
2, 5
Let v = 25 - 22. What are the prime factors of (-4 + v + 3)*26?
2, 13
Suppose -3*s - 2*p = -980, 441 = -4*s - 2*p + 1751. What are the prime factors of s?
2, 3, 5, 11
Suppose 0 = -z + b + 836, -3*b = 4*z - 6*b - 3348. List the prime factors of z.
2, 3, 5, 7
Let l(p) = p**2 + 22*p + 538. List the prime factors of l(-33).
17, 53
Let u = -41 - -312. Suppose -u = y - 3*y - 5*s, 3*y + 4*s - 403 = 0. List the prime factors of y.
7, 19
Suppose i + 4*z = -i + 1556, -4*z = 5*i - 3884. What are the prime factors of i?
2, 97
Suppose -2*m - 40*w = -35*w - 1322, -3*m - w = -1983. List the prime factors of m.
661
Let o = 109 + -106. Suppose -o*c + 850 = 2*c. What are the prime factors of c?
2, 5, 17
Let u = -30 + 32. Suppose 82 + 24 = u*s. List the prime factors of s.
53
Suppose -6*a + 3056 - 344 = 0. What are the prime factors of a?
2, 113
Suppose -2*w + 7*w + 35 = 0. List the prime factors of 12/w*(5 + -1*12).
2, 3
Suppose 5*l - 7 = -3*w, 2*l + 0*l = 4. Let j be (4 - w)*6/5. List the prime factors of (-2)/j + 630/27.
23
Let k = 8818 - 5964. What are the prime factors of k?
2, 1427
Suppose 4*h = -8, 5*h = 4*o + 6 - 52. Suppose b + 17 = 8. Let t = o - b. What are the prime factors of t?
2, 3
Suppose 4*n + 3*t + 0*t = 1192, 0 = 3*t. List the prime factors of n.
2, 149
Let j = 0 + 5. Let b = -50 - -26. What are the prime factors of b/((45/(-6))/j)?
2
Let b be -3 - (4 + 4/(-1)). Let q(u) = -2*u**3 - 2*u**2 + 2*u - 3. What are the prime factors of q(b)?
3
Let o be 28/6 - (-6)/(-9). Suppose n - o = 4. Let x(w) = 6*w - 5. List the prime factors of x(n).
43
Let h = -95 - -189. What are the prime factors of h?
2, 47
Let k(t) = -t + 4. Let x be k(-1). Suppose -192 = -f - g, 10*f + 3*g - 960 = x*f. What are the prime factors of f?
2, 3
Suppose 2*r = k + 58, 3*r = 5*k + 125 + 137. Let z = 122 + k. What are the prime factors of z?
2, 3
Let u(f) = 5*f. Let d(n) = -2*n. Let z be d(-4). What are the prime factors of u(z)?
2, 5
Let o(n) = 677*n + 38. What are the prime factors of o(3)?
2069
Let j(a) = -7*a**3 + 4*a**2 - a + 1. List the prime factors of j(-4).
11, 47
Let a(w) = 5*w**2 - 11*w + 85. What are the prime factors of a(15)?
5, 11, 19
Suppose 7*v = 145 + 30. List the prime factors of 5*(v/5 + -4).
5
Let f = 210 - -189. List the prime factors of f.
3, 7, 19
Let r = 374 - 154. List the prime factors of r - (-3 - -2) - -4.
3, 5
Suppose 0 = -2*z + 1 + 7. Suppose -2*j - h = -67, h + z*h = -j + 29. Suppose -2*w + 0 = -j. What are the prime factors of w?
17
What are the prime factors of (13266/(-15))/((-22)/55)?
3, 11, 67
Let n(k) = -k**2 + 9*k + 1. Let i be n(11). Let x be 7*(51/i - -3). Suppose 52 = -x*u + 6*u. List the prime factors of u.
2, 13
Let t = -1420 + 2313. List the prime factors of t.
19, 47
Suppose 0 = -n + 500 - 56. Suppose 3*f = -f + n. List the prime factors of f.
3, 37
Let n(w) = 2*w - 7 - 5 + 3*w. Let j be n(8). Suppose -3*y - y + j = 0. List the prime factors of y.
7
Let b be (0 + (-8)/(-4))*1. Suppose 4 = 5*m + b*c - 25, -m = 5*c - 15. Suppose -5*u + 3*h + 223 = 0, -m*h + 161 = 3*u - 0*h. List the prime factors of u.
47
Let l(w) = 6 + 0 + 3 + 12*w + 4. What are the prime factors of l(4)?
61
Let n be (-3)/(3/(-116)) - 1. Suppose -237 = -4*d - v, 3*v + n = 2*d - 0*v. Let x = d - 27. What are the prime factors of x?
2
Suppose 6*l - 4*l = -4*n + 20, 0 = 4*l + 3*n - 20. Let w(k) = 27*k**2 - 3*k + 4. List the prime factors of w(l).
2, 53
Suppose -3*s - 28 + 25 = 0, -2*m - 3*s + 2259 = 0. List the prime factors of m.
3, 13, 29
What are the prime factors of (-3)/(-4) - (513/(-36) - 3)?
2, 3
Let u(l) be the first derivative of -9*l**4/4 - l**3/3 + l**2 + l + 2. List the prime factors of u(-2).
5, 13
Suppose 7404 = 2*q - 838. List the prime factors of q.
13, 317
Let j(f) = 1. Let u(v) = v**2 + 11*v + 7. Let q(m) = 3*j(m) - u(m). List the prime factors of q(-8).
2, 5
Let y(m) = -68*m + 215. List the prime factors of y(-28).
13, 163
Let z = 1105 - -1179. List the prime factors of z.
2, 571
Let o = -24 + 20. What are the prime factors of 10 + 6/o*2?
7
Let u(v) = 70*v - 7. List the prime factors of u(13).
3, 7, 43
List the prime factors of (27/((-675)/(-575)))/((-2)/(-352)).
2, 11, 23
Suppose -4751 = -7*v - 579. List the prime factors of v.
2, 149
Suppose -10*m + 2385 = 3*u - 9*m, 0 = -3*u - 2*m + 2382. List the prime factors of u.
2, 199
Suppose 2*w = 10, 4*g + 28 + 160 = 4*w. Let n = g + 82. Suppose -5*k - 10 = -5*t + n, 5*t + 2*k = 15. List the prime factors of t.
5
Let o(f) = -f**3 + 9*f**2 - 8*f - 4. Let d(w) = 7*w**2 - w + 1. Let s be d(1). Let q be o(s). Suppose q - 1 = u. What are the prime factors of u?
37
Let d(h) = -h. Let n(p) = 5*p - 88. Let u(y) = -6*d(y) - n(y). List the prime factors of u(0).
2, 11
Suppose y = 2*y - 1. List the prime factors of y*(-443)/(-3) + (-32)/48.
3, 7
Suppose -4*i = 5*u - 25, i - 3*i + 4*u - 20 = 0. Suppose -5*r + 5*k + 60 = 0, i = -4*r + 2*k - 4*k + 78. List the prime factors of r.
17
Let q be (-370)/(-3) - (-1 - -2)/3. List the prime factors of q/2*(-2 - -4).
3, 41
Let a be (3 - 2)*-4*-1. Suppose 0 = b + a*b. Suppose 5*g = -p + 21, 5*g - p - 1 - 18 = b. List the prime factors of g.
2
Let k be 29/2 - 2*(-1)/4. Let l = k + -8. List the prime factors of l.
7
Let w be 2/(-4) - (-90)/20. Suppose -7*u - w = -25. What are the prime factors of (-1 - u) + (-99)/(-3)?
29
Suppose 0 = -4*p + z - 4*z - 3, 5*z + 5 = 0. Suppose 0 = -5*d - c + 155, 4*d + p*c - 2*c = 138. What are the prime factors of d?
2
Let c be (-8)/20 - (-2)/5. Suppose c = -z - 4*z. Suppose -3*r - 4 = 2*u, z = -u - u - 10. List the prime factors of r.
2
Suppose -b = 3 + 5. Let o = b + 10. Suppose -6*n - z = -o*n - 234, -5*n + 4*z = -303. What are the prime factors of n?
59
Let k = 1036 - 266. List the prime factors of k.
2, 5, 7, 11
Let t be -1 + 8/(-4) - 11. Let f be t/(-4) - (-8)/(-16). Suppose f*l + 2*q + 0 = 4, l + 2*q + 4 = 0. What are the prime factors of l?
2
Let n(u) = -153*u - 7. Let r(h) = h + 1. Let s(k) = -n(k) - 2*r(k). What are the prime factors of s(1)?
2, 3, 13
What are the prime factors of 256/192*1146/4?
2, 191
Let s be ((-7 - 2) + -1)/2. Let z = 39 - s. What are the prime factors of z?
2, 11
Suppose 0 = -5*k + 7 - 112. Let m = 25 - 15. Let t = m - k. List the prime factors of t.
31
Let o(p) = p + 7. Suppose -3*x - 6 = 0, -2*h = -4*x + x. Let j be o(h). List the prime factors of 24 - j*(-1)/2.
2, 13
Suppose 3*v = -5*t - 20, 2*t - 2*v = v + 13. Let y = t + 4. List the prime factors of y - (-136)/((-8)/(-2)).
37
Let q(v) = 1 + 0*v